*2 + 4855*w**3 - 4856*w**3 - 20 - 24*w. What is j(-21)?
-1
Let u(c) = -c - 10. Suppose 0*j = 3*j - 18. Suppose -9 = j*l - 9*l. Suppose 3*w + 5*a - l*a = -23, a = 2*w + 6. Give u(w).
-5
Let m(w) = w**2 - 12*w + 7. Let s be m(13). Let n(k) = -s*k + 5*k - 2*k**2 + k**2 + 8*k - 10. Let o be -5 + -1 - ((0 - -2) + -1). Determine n(o).
-10
Let p(q) = -q**2 - 7*q + 5. Let k be 24/(-40) + 514/(-10). Let m be (-8)/k - (96/(-52) - 3). Suppose -m*t - 6*a + 5*a - 25 = 0, t + 16 = 2*a. What is p(t)?
11
Let p = -4056 + 4049. Let g(c) = -c**3 - 7*c**2 + 5*c + 9. Give g(p).
-26
Let t = -219 - -114. Let p be -3*5*(-14)/t. Let c(z) = -z**3 + 2*z**2 + 3*z + 3. Calculate c(p).
13
Let s(k) = 26*k + 23. Let r = 2559 + -2562. What is s(r)?
-55
Let x(g) = -g. Suppose 4*r = -3*l + 9, 2*r + 2*l + 3*l + 13 = 0. Suppose 8*j + 12 = r*j - 3*d, -6 = j - 4*d. Let p be (-1)/2*(j - 6). What is x(p)?
-6
Let c = -1596 - -1600. Let x(g) be the third derivative of g**5/60 - g**4/24 + g**3/2 + 20*g**2. Determine x(c).
15
Let m(c) = -c - 27. Let i be m(-35). Let l(b) = b**3 + i*b**2 + 10 + 14*b + 30*b - 34*b. What is l(-7)?
-11
Let b(u) = 38*u + 143. Let v be b(-4). Let r(k) = -k**3 - 10*k**2 - 11*k - 24. Determine r(v).
-6
Let l(f) = f + 6. Let n be 2 - (15*3/9 + -3). Let q be l(n). Let m(v) = 5*v - 3*v + 5*v - 2*v + q. Give m(-5).
-19
Suppose c - 49 = 7*g - 11*g, -4*g - 5*c = -53. Suppose -16*n - 60 = -g. Let i(m) = -m + 7. What is i(n)?
10
Let r be 4 - (-10)/25*5. Suppose 7*u = -r*u + 91. Let y(q) = 3*q - 19. Give y(u).
2
Let l be 4/(6/(2 + 1)) - (19 - 14). Let n(f) = 7*f**2 - f - 7. Give n(l).
59
Let h = -6359 - -6359. Let k(l) be the third derivative of -1/60*l**5 + 0 + h*l + 1/3*l**4 + 2/3*l**3 - 19*l**2. Give k(7).
11
Let x(j) = -18*j - 3. Let v(f) = 84*f + 76. Let c(d) = -v(d) - 5*x(d). Give c(20).
59
Let p(t) = 56 + 5*t - 4*t + 85 - 161. Determine p(-28).
-48
Suppose -5*v + f + 9006 = 0, 2758 = 4*v - 4*f - 4434. Let h(d) = -2*d**2 - 2*d - 1800 - 4*d + v. Give h(-5).
-18
Let h(o) be the second derivative of -1 + 1/6*o**3 + 9*o - o**2. Calculate h(2).
0
Let m(t) be the second derivative of t**5/20 - 5*t**4/6 + 5*t**3/6 + 15*t**2/2 + 659*t. Determine m(9).
-21
Let p(j) be the third derivative of 0*j + 5/24*j**4 + 3*j**2 - 48 - 7/6*j**3 - 1/60*j**5. Calculate p(7).
-21
Let w(n) = -n**3 + 5*n**2 - 6*n + 10. Suppose 0 = -35*p + 72 + 173. Suppose 4*l = -g + 16, -5*l = -3*g - 10 + p. What is w(g)?
2
Let x(r) = 3*r**3 + 2*r**2 - r - 4. Let w be (120/540)/((-2)/(-9)). Let z be (1 - w)/6 + (-3 - -1). What is x(z)?
-18
Let c(b) be the first derivative of b**3/3 + 2*b**2 + b + 571. What is c(3)?
22
Let y be (-6)/21 + 90/70 + 3. Let m(w) = -5*w**2 - 21*w + 12. Let p(g) = -2*g**2 - 10*g + 6. Let h(d) = 3*m(d) - 7*p(d). Give h(y).
6
Let l(k) be the third derivative of k**6/90 + 7*k**3/6 + 65*k**2. Let b(w) be the first derivative of l(w). Give b(-1).
4
Suppose -5*g = 112 - 17. Let v(j) = 2*j + 41. Let f be v(g). Let l(w) = 4 - 8*w**3 + f*w**2 + 4*w**2 + 9*w**3 - 7*w. What is l(-8)?
-4
Suppose 17 = 3*q + 4*t, -2*q + 16 = -0*t + 5*t. Let s(m) = -3*m**2 - 4*m**3 + 7*m**3 + 2 - 2*m**q - 6*m. Let k be 5 - (2 + -1) - 5/(-5). Determine s(k).
22
Let b = 126 - 101. Let h be 1/(((-35)/b)/(-7)). Let d(l) = l**3 - 5*l**2 + 7. Calculate d(h).
7
Let c be 6 - 3 - 0 - 2. Suppose -5*g + 3*w - 26 = 0, -4*g = 2*w + c + 11. Let r(d) = 4*d - 1. Let l(v) = 5*v - 1. Let z(p) = -6*l(p) + 7*r(p). Determine z(g).
7
Let h(a) = 2*a**2 + a - 75918 + 75918. Let l(z) = 7*z**2 + 8*z + 6. Let x(s) = -4*h(s) + l(s). Suppose n + 2*n = -2*k + 19, -5 = n - 5*k. Determine x(n).
1
Let l(z) = -37*z + 2. Let u(g) = g**3 - 8*g**2 - 19*g + 187. Let d be u(6). Give l(d).
-35
Let l = 3988 - 4004. Let f(x) = -x**3 - 18*x**2 - 38*x - 2. What is f(l)?
94
Let n = -7859 - -7849. Let f(u) = -4*u**2 - 45*u - 52. Give f(n).
-2
Let p(i) = -i**3 + 8*i**2 + 3*i. Let x(o) = -3*o**2 + 91*o - 21. Let d be x(30). What is p(d)?
-54
Suppose -12 = -3*s - 6. Let c(m) = 7 - 5*m + m**2 + 9*m**s - 9*m**2 + 2. What is c(6)?
15
Let a(d) = 10*d + 2. Let k = -464 + 467. Suppose -o = k*c + 1 - 15, 21 = 2*c + 3*o. Determine a(c).
32
Let s(j) = -22*j + 78. Let h(n) = -10*n + 35. Let o(m) = -13*h(m) + 6*s(m). Calculate o(6).
1
Let x(t) = 2*t**2 - 19*t + 18. Let k(w) = w**3 - 7*w**2 - 2*w + 22. Let n be k(7). Calculate x(n).
-6
Let a be (1 + 7/(-2))*(-272)/170. Suppose -8*l = -10*l + a. Let h(d) = -2 + 3*d - 3*d - 176*d**2 + 4*d + 173*d**2. What is h(l)?
-6
Let f(o) = o**3 - 16*o**2 + 4*o - 53. Let t be f(16). Let j(w) = 1 + w + 2 - t + 0*w. Give j(4).
-4
Let n(z) = -917*z - 878*z + 1768*z + 316. Determine n(12).
-8
Suppose -60 = -5*n + r, r - 48 = -44*n + 40*n. Let b(y) = -2*y**2 + 27*y - 35. What is b(n)?
1
Let h(l) = -3*l - 37. Let u(r) = -4*r - 227. Let z(n) = 6*h(n) - u(n). What is z(3)?
-37
Let p(h) be the third derivative of h**6/120 - 3*h**5/20 + 3*h**4/8 + h**3/3 + 6*h**2. Let c = -3 - -10. Suppose 5*w + 16 = c*w. Determine p(w).
10
Let x(u) = u**3 - 3*u**2 + 2*u - 4. Let s(c) = -87*c + 2*c**3 - 5 - 3*c**2 - c**3 + 90*c. Let l(b) = -3*s(b) + 4*x(b). Give l(4).
11
Let u(d) = -d + 3*d + 6 - 3*d. Let x be (-5)/25 - (-2110)/50. Suppose 25*j - x - 58 = 0. Determine u(j).
2
Let t(m) be the second derivative of m**3/3 - 2*m**2 - m. Let x(p) = -p**2 - 130*p + 1707. Let b be x(12). Give t(b).
2
Let o(u) = -2 + 18*u - 17481*u**2 + 53 + 17482*u**2. What is o(-4)?
-5
Let w be (-7)/(-3)*(-10 - (5 + -12)). Let t(z) = 968 - 6*z**2 - z**3 - 971 - z + 6*z. Calculate t(w).
11
Suppose 0 = -58*r + 62*r + 3*v - 142, v = -5*r + 172. Let p(x) = -2*x**2 + 70*x - 77. Determine p(r).
-9
Let m(i) = -2*i - 23. Let t be m(-7). Let q = 25 - t. Let g(h) = -35*h + 9 + q*h + 2. Determine g(0).
11
Let o(z) = -3*z - 9. Suppose 9*f + 40 = 6*f + 5*i, -5*i = 2*f + 35. Calculate o(f).
36
Let w(o) = 14*o - 56. Let x(i) = 5*i + 11 + 11 - 12*i + 2 + 6. Let s(r) = 6*w(r) + 11*x(r). Calculate s(6).
36
Let g(z) be the third derivative of 5*z**4/24 + 13*z**3/6 - 45*z**2 + 24. What is g(1)?
18
Let y(v) = -v**3 - 4*v**2 + 6*v + 8. Let q(k) = -k**3 - 4*k**2 + 7*k + 9. Let d(h) = -5*q(h) + 6*y(h). Suppose 19 = -20*f - 41. Let u = 0 + f. Give d(u).
-9
Let v(d) = 24 - 7*d + 0*d - 23. Suppose 2*r - 16 = 2*n, 3*n + 2*r = -19 - 10. Let w be (-3)/(n/(-5)) + (-14)/(-21). What is v(w)?
8
Let n(g) = 350 + 355 + 2*g - 1079 + 2*g**2 + 0*g + 340. Calculate n(7).
78
Let m(n) = -n**3 + 4*n**2 + n - 4. Suppose -11*i + 159 = 27. Suppose 0 = 1086*o - 1082*o - i. Determine m(o).
8
Let o(s) = -5*s**2 + 14*s - 12. Let n be ((-24)/10)/(10/25) - (-4 + -6). Give o(n).
-36
Let z(o) = -6*o**2 + 3*o - 1. Let k be z(1). Let n be 24*(-1 + k/(-3)). Let t(l) = l - 16. What is t(n)?
-8
Let p(q) be the third derivative of q**6/120 + q**5/10 - q**4/12 - q**3/6 + 903*q**2. Calculate p(-6).
11
Let l(t) = 91*t - 456. Let j be l(5). Let y(a) = 37*a + 6. Let k(h) = 3255*h + 527. Let q(z) = 6*k(z) - 527*y(z). Give q(j).
-31
Suppose 8075 = -12*v + 8135. Let z(i) = 3*i - 3. Give z(v).
12
Let p(i) = -77*i + 268. Let m be p(4). Let l(x) = -x**2 - 37*x + 131. Calculate l(m).
11
Let g(k) = -2*k**2 + 55*k - 382. Let n be g(16). Let d(a) = 5*a + 61. What is d(n)?
-9
Let y(q) = -6*q**3 + q**3 + 0 + 6*q**3 - 4*q**2 - 10*q + 3*q + 4. Let b(s) = s**2 - 3*s + 1. Let a be b(4). What is y(a)?
-6
Let j(w) = -3*w**2 + 7*w + 42. Let y(d) = 16*d**2 - 36*d - 211. Let h(v) = -11*j(v) - 2*y(v). Let o(q) be the first derivative of h(q). Calculate o(7).
9
Let x(z) be the second derivative of -z**4/3 + z**3/2 + 2917*z. Let h(m) = -m - 11. Let q be h(-13). Determine x(q).
-10
Let l = 202612 - 202610. Let s(c) be the first derivative of -3*c**2 + 10*c + 1. Determine s(l).
-2
Let z(v) be the third derivative of v**6/120 - v**5/12 - v**4/8 + v**3/2 + 22*v**2. Let o(c) = c**2 - 19*c + 5. Let f be o(19). What is z(f)?
-12
Let y(w) = -4 + 18 - 14 - 4*w + 10 - 6*w**2 - w**3. Give y(-6).
34
Let h(b) = -2*b**2 + b - 1. Let i(s) = 47*s + 9. Let y be i(0). Let k = -1 + -7. Let o be k/(-36) - (-16)/y. Determine h(o).
-7
Let z(w) = -w**3 - 2*w**2 + w - 1. Let i be z(-3). Let y(s) = -3*s**2 - 107*s - 78. Let f(x) = -x**2 - 30*x - 22. Let v(j) = 7*f(j) - 2*y(j). Determine v(i).
-3
Let l(o) = -o**3 - 7*o**2 - 6*o - 1. Let a = 356 + -317. Suppose 4*k = -63 + a. Determine l(k).
-1
